{"id":5,"date":"2015-03-12T17:27:03","date_gmt":"2015-03-12T15:27:03","guid":{"rendered":"http:\/\/orolskalny.jurik.sk\/?page_id=5"},"modified":"2015-07-06T09:27:09","modified_gmt":"2015-07-06T07:27:09","slug":"o-orlovi","status":"publish","type":"page","link":"http:\/\/orolskalny.sk\/","title":{"rendered":"O orlovi"},"content":{"rendered":"<p>Predstavte si, \u017ee sed\u00edte na vrchole vysokej hory a pozer\u00e1te z tej v\u00fd\u0161ky do dia\u013eav&#8230; Vy\u0161li ste tam nie preto, aby ste pozerali na \u0161pi\u010dky svojich top\u00e1nok, ale aby ste sa kochali v\u00fdh\u013eadom do dia\u013eok. A tak vid\u00edte dolinu pod sebou, i \u010fal\u0161ie vrchy vy\u010dnievaj\u00fa z hmly. Svet V\u00e1m le\u017e\u00ed pri noh\u00e1ch a v tej chv\u00edli ste jeho neohrozen\u00fdm p\u00e1nom&#8230;<\/p>\n<p>A v tom zbad\u00e1te, \u017ee nie ste sami. V povetr\u00ed je mal\u00e1 \u010dierna bodka, ktor\u00e1 sa k v\u00e1m pribli\u017euje. Je \u010doraz v\u00e4\u010d\u0161ia, a\u017e sa napokon premen\u00ed na ozajstn\u00e9ho kr\u00e1\u013ea &#8211; \u00e1no, je to orol. De\u0148 \u010do de\u0148 rozprestiera svoje kr\u00eddla, placht\u00ed vo v\u00fd\u0161in\u00e1ch a sleduje krajinu pod sebou &#8211; ako ozajstn\u00fd kr\u00e1\u013e. Tak je, aj mnoh\u00e9 kr\u00e1\u013eovsk\u00e9 rody mali orla v erbe ako symbol moci, odvahy a slobody.<\/p>\n<p>Prijmite na\u0161e pozvanie na stretnutie s orlom skaln\u00fdm, skuto\u010dn\u00fdm kr\u00e1\u013eom nielen slovensk\u00e9ho povetria.<\/p>\n<p><img loading=\"lazy\" decoding=\"async\" class=\"alignnone size-full wp-image-198\" src=\"http:\/\/orolskalny.jurik.sk\/wp-content\/uploads\/2015\/03\/orol_1_letovka_v2.jpg\" alt=\"orol_1_letovka_v2\" width=\"770\" height=\"452\" srcset=\"http:\/\/orolskalny.sk\/wp-content\/uploads\/2015\/03\/orol_1_letovka_v2.jpg 770w, http:\/\/orolskalny.sk\/wp-content\/uploads\/2015\/03\/orol_1_letovka_v2-620x364.jpg 620w\" sizes=\"(max-width: 770px) 100vw, 770px\" \/><\/p>\n","protected":false},"excerpt":{"rendered":"<p>Predstavte si, \u017ee sed\u00edte na vrchole vysokej hory a pozer\u00e1te z tej v\u00fd\u0161ky do dia\u013eav&#8230; Vy\u0161li ste tam nie preto, aby ste pozerali na \u0161pi\u010dky svojich top\u00e1nok, ale aby ste sa kochali v\u00fdh\u013eadom do dia\u013eok. A tak vid\u00edte dolinu pod sebou, i \u010fal\u0161ie vrchy vy\u010dnievaj\u00fa z hmly. Svet V\u00e1m le\u017e\u00ed pri noh\u00e1ch a v tej [&hellip;]<\/p>\n","protected":false},"author":1,"featured_media":0,"parent":0,"menu_order":0,"comment_status":"closed","ping_status":"open","template":"","meta":{"footnotes":"","_links_to":"","_links_to_target":""},"class_list":["post-5","page","type-page","status-publish","hentry","post"],"_links":{"self":[{"href":"http:\/\/orolskalny.sk\/index.php?rest_route=\/wp\/v2\/pages\/5"}],"collection":[{"href":"http:\/\/orolskalny.sk\/index.php?rest_route=\/wp\/v2\/pages"}],"about":[{"href":"http:\/\/orolskalny.sk\/index.php?rest_route=\/wp\/v2\/types\/page"}],"author":[{"embeddable":true,"href":"http:\/\/orolskalny.sk\/index.php?rest_route=\/wp\/v2\/users\/1"}],"replies":[{"embeddable":true,"href":"http:\/\/orolskalny.sk\/index.php?rest_route=%2Fwp%2Fv2%2Fcomments&post=5"}],"version-history":[{"count":2,"href":"http:\/\/orolskalny.sk\/index.php?rest_route=\/wp\/v2\/pages\/5\/revisions"}],"predecessor-version":[{"id":199,"href":"http:\/\/orolskalny.sk\/index.php?rest_route=\/wp\/v2\/pages\/5\/revisions\/199"}],"wp:attachment":[{"href":"http:\/\/orolskalny.sk\/index.php?rest_route=%2Fwp%2Fv2%2Fmedia&parent=5"}],"curies":[{"name":"wp","href":"https:\/\/api.w.org\/{rel}","templated":true}]}}

<p>Predstavte si, že sedíte na vrchole vysokej hory a pozeráte z tej výšky do diaľav&#8230; Vyšli ste tam nie preto, aby ste pozerali na špičky svojich topánok, ale aby ste sa kochali výhľadom do diaľok. A tak vidíte dolinu pod sebou, i ďalšie vrchy vyčnievajú z hmly. Svet Vám leží pri nohách a v tej chvíli ste jeho neohrozeným pánom&#8230;</p>
<p>A v tom zbadáte, že nie ste sami. V povetrí je malá čierna bodka, ktorá sa k vám približuje. Je čoraz väčšia, až sa napokon premení na ozajstného kráľa &#8211; áno, je to orol. Deň čo deň rozprestiera svoje krídla, plachtí vo výšinách a sleduje krajinu pod sebou &#8211; ako ozajstný kráľ. Tak je, aj mnohé kráľovské rody mali orla v erbe ako symbol moci, odvahy a slobody.</p>
<p>Prijmite naše pozvanie na stretnutie s orlom skalným, skutočným kráľom nielen slovenského povetria.</p>
<p><img loading="lazy" decoding="async" class="alignnone size-full wp-image-198" src="http://orolskalny.jurik.sk/wp-content/uploads/2015/03/orol_1_letovka_v2.jpg" alt="orol_1_letovka_v2" width="770" height="452" srcset="http://orolskalny.sk/wp-content/uploads/2015/03/orol_1_letovka_v2.jpg 770w, http://orolskalny.sk/wp-content/uploads/2015/03/orol_1_letovka_v2-620x364.jpg 620w" sizes="(max-width: 770px) 100vw, 770px" /></p>

<p>Predstavte si, že sedíte na vrchole vysokej hory a pozeráte z tej výšky do diaľav&#8230; Vyšli ste tam nie preto, aby ste pozerali na špičky svojich topánok, ale aby ste sa kochali výhľadom do diaľok. A tak vidíte dolinu pod sebou, i ďalšie vrchy vyčnievajú z hmly. Svet Vám leží pri nohách a v tej [&hellip;]</p>
